ded by 1127?
1120
Calculate the remainder when 192483872 is divided by 13.
9
What is the remainder when 612850 is divided by 306407?
36
What is the remainder when 3658805 is divided by 1318?
37
Calculate the remainder when 3273744 is divided by 197.
195
What is the remainder when 697813815 is divided by 14?
13
What is the remainder when 743621 is divided by 282?
269
Calculate the remainder when 435852 is divided by 62261.
25
Calculate the remainder when 7866 is divided by 564.
534
Calculate the remainder when 550185269 is divided by 13.
10
What is the remainder when 33255881 is divided by 2859?
2852
Calculate the remainder when 80480632 is divided by 43.
26
Calculate the remainder when 72063 is divided by 6446.
1157
What is the remainder when 1841467 is divided by 613807?
46
What is the remainder when 132616 is divided by 3784?
176
What is the remainder when 22843959 is divided by 6?
3
Calculate the remainder when 4391924 is divided by 2195939.
46
What is the remainder when 14071619 is divided by 1758952?
3
Calculate the remainder when 20230 is divided by 19783.
447
What is the remainder when 1418623 is divided by 1894?
17
Calculate the remainder when 3755354 is divided by 1120.
1114
What is the remainder when 13303524 is divided by 28?
24
Calculate the remainder when 50100 is divided by 382.
58
Calculate the remainder when 20877 is divided by 752.
573
What is the remainder when 6281208 is divided by 5534?
118
Calculate the remainder when 34842567 is divided by 42.
39
What is the remainder when 5237980 is divided by 471?
460
Calculate the remainder when 1578139 is divided by 1578138.
1
What is the remainder when 479893 is divided by 159938?
79
What is the remainder when 27209093 is divided by 85?
83
Calculate the remainder when 3317356 is divided by 181.
169
Calculate the remainder when 7471045 is divided by 13.
10
Calculate the remainder when 65582711 is divided by 104.
103
What is the remainder when 31828 is divided by 15161?
1506
What is the remainder when 460591 is divided by 2?
1
What is the remainder when 108136 is divided by 36042?
10
Calculate the remainder when 1578388 is divided by 2328.
4
Calculate the remainder when 12685520 is divided by 44.
12
What is the remainder when 10138405 is divided by 206905?
60
What is the remainder when 788635 is divided by 45?
10
What is the remainder when 615301 is divided by 102545?
31
What is the remainder when 64023 is divided by 1023?
597
Calculate the remainder when 2954288 is divided by 109418.
2
What is the remainder when 289036 is divided by 287735?
1301
Calculate the remainder when 253258254 is divided by 38.
34
What is the remainder when 9574652 is divided by 624?
620
What is the remainder when 89696 is divided by 22297?
508
Calculate the remainder when 44235910 is divided by 106.
96
What is the remainder when 453067 is divided by 6381?
16
Calculate the remainder when 3995978 is divided by 273.
77
What is the remainder when 907838 is divided by 302600?
38
What is the remainder when 213715 is divided by 765?
280
What is the remainder when 45015487 is divided by 63?
34
What is the remainder when 33225 is divided by 264?
225
Calculate the remainder when 5630303 is divided by 2208.
2111
What is the remainder when 17324 is divided by 8603?
118
What is the remainder when 356387 is divided by 1467?
1373
What is the remainder when 1098237 is divided by 640?
637
What is the remainder when 3689075 is divided by 147559?
100
What is the remainder when 15956 is divided by 1595?
6
Calculate the remainder when 52058071 is divided by 165790.
11
What is the remainder when 102142 is divided by 3191?
30
What is the remainder when 59587 is divided by 5879?
797
Calculate the remainder when 6367133 is divided by 41.
38
What is the remainder when 1736586 is divided by 93?
90
What is the remainder when 1929719 is divided by 3594?
3335
Calculate the remainder when 57297 is divided by 6668.
3953
What is the remainder when 51543600 is divided by 51543591?
9
What is the remainder when 3697408 is divided by 2017?
247
Calculate the remainder when 11266261 is divided by 53.
51
What is the remainder when 6924498 is divided by 711?
69
What is the remainder when 4051662 is divided by 506399?
470
Calculate the remainder when 1807296 is divided by 1640.
16
Calculate the remainder when 10573008 is divided by 13.
4
Calculate the remainder when 2991531 is divided by 14.
11
Calculate the remainder when 2434237 is divided by 3097.
3092
What is the remainder when 3365124 is divided by 256?
4
Calculate the remainder when 1725863 is divided by 156.
35
Calculate the remainder when 4098299 is divided by 5126.
2625
What is the remainder when 350690516 is divided by 289?
287
Calculate the remainder when 21246387 is divided by 2071.
2069
Calculate the remainder when 32316 is divided by 20.
16
What is the remainder when 1608885 is divided by 125?
10
What is the remainder when 1530370839 is divided by 1227?
1224
Calculate the remainder when 1875133 is divided by 177.
172
What is the remainder when 46211884 is divided by 4621188?
4
What is the remainder when 482648 is divided by 135?
23
What is the remainder when 211889 is divided by 10585?
189
What is the remainder when 206020347 is divided by 870?
867
What is the remainder when 301176 is divided by 23164?
44
What is the remainder when 55841 is divided by 879?
464
What is the remainder when 12426793 is divided by 6337?
6273
What is the remainder when 226051678 is divided by 37675279?
4
Calculate the remainder when 173998 is divided by 2229.
136
What is the remainder when 2867607 is divided by 716770?
527
Calculate the remainder when 409610 is divided by 12046.
46
Calculate the remainder when 7183317 is divided by 743.
736
What is the remainder when 5200 is divided by 330?
250
What is the remainder when 384997 is divided by 100?
97
What is the remainder when 48543 is divided by 1937?
118
What is the remainder when 43063 is divided by 43056?
7
What is the remainder when 157421 is divided by 52473?
2
Calculate the remainder when 4421486 is divided by 370.
356
Calculate the remainder when 150379727 is divided by 1147.
1145
Calculate the remainder when 302123213 is divided by 302.
299
Calculate the remainder when 19696376 is divided by 6565455.
11
Calculate the remainder when 4567067 is divided by 3269.
274
What is the remainder when 637400 is divided by 1723?
1613
Calculate the remainder when 71287036 is divided by 976.
972
Calculate the remainder when 125291628 is divided by 158.
156
What is the remainder when 2790487 is divided by 665?
147
What is the remainder when 155615 is divided by 155232?
383
Calculate the remainder when 10893554 is divided by 5446761.
32
Calculate the remainder when 52263 is divided by 100.
63
Calculate the remainder when 30466606 is divided by 5424.
5422
What is the remainder when 31568087 is divided by 1096?
1095
Calculate the remainder when 1492168615 is divided by 226.
225
Calculate the remainder when 426525894 is divided by 79.
75
Calculate the remainder when 102567170 is divided by 226.
8
Calculate the remainder when 2016096 is divided by 438.
420
Calculate the remainder when 9034343 is divided by 68.
67
Calculate the remainder when 1264071 is divided by 287.
123
What is the remainder when 9881852 is divided by 229810?
22
Calculate the remainder when 46866 is divided by 9024.
1746
What is the remainder when 49053 is divided by 9773?
188
What is the remainder when 1234264 is divided by 13569?
13054
Calculate the remainder when 8137206 is divided by 2571.
2562
What is the remainder when 139469 is divided by 18?
5
Calculate the remainder when 25814512 is divided by 775.
37
Calculate the remainder when 4213559 is divided by 842709.
14
What is the remainder when 31810 is divided by 3492?
382
What is the remainder when 176754 is divided by 9296?
130
Calculate the remainder when 3886283 is divided by 290.
283
Calculate the remainder when 279150335 is divided by 64.
63
Calculate the remainder when 12815952 is divided by 16.
0
What is the remainder when 425950 is divided by 20282?
28
Calculate the remainder when 5239363 is divided by 22.
19
Calculate the remainder when 1173649 is divided by 1911.
295
What is the remainder when 110231105 is divided by 23?
17
Calculate 